9856. Is d composite?
True
Let v be 2609/7 - (-28)/98. Let f = v + 204. Is f prime?
True
Let j(s) = -2899*s**3 + 2*s + 2. Let x be j(-1). Suppose 5*r + 2*l = x, 2*r - 1106 - 65 = 3*l. Is r prime?
False
Suppose 5*i + 2*s - 17474 = 0, 13*s = -4*i + 11*s + 13980. Is i a composite number?
True
Let w(f) = -5*f**2 - 5*f + 9. Let l(m) = -5*m**2 - 6*m + 9. Let s(n) = 2*l(n) - 3*w(n). Is s(5) a composite number?
False
Suppose 0 = 3*p - 5*i - 15, -4*p + 30 = -3*i + 10. Let d(t) = 12*t**2 - 4*t + 9. Is d(p) prime?
False
Let w(u) = 359*u**3 - 7*u**2 - 4*u + 3. Let r(y) = -359*y**3 + 8*y**2 + 5*y - 3. Let l(j) = -5*r(j) - 6*w(j). Is l(-2) prime?
True
Is (6/(-18))/(125128/(-125124) - -1) a prime number?
True
Let d be (-15)/(-15)*(0 - 0). Suppose 5*r = 3*r - 4*g, d = -3*r - 2*g. Suppose t - 2*p - p - 748 = r, -1 = p. Is t a composite number?
True
Let l be (1/(-2))/((-5)/(-50)). Is 1/(-1) + 641 + l a prime number?
False
Suppose 0 = 2108*b - 2105*b - 921. Is b prime?
True
Let n(a) = -2*a**2 - 4*a**3 + 4*a**3 - a**3 - 4. Is n(-5) a composite number?
False
Let o(w) be the third derivative of w**5/6 - 7*w**4/24 + 5*w**3/6 - 30*w**2. Is o(12) composite?
False
Is 2467567/259 + 2/(-7) prime?
False
Let l(n) = -n**2 + 8*n. Suppose 0*d + 13 = 4*d - 3*w, w - 40 = -5*d. Let y be l(d). Suppose y*a - 8*a = -145. Is a a prime number?
False
Let m(z) = -745*z - 8. Is m(-1) a prime number?
False
Let p = 63 + -99. Let k = 1136 + p. Is k - ((-6)/2)/(-1) a prime number?
True
Let s(m) = 2*m**3 + m + 10007. Is s(0) composite?
False
Suppose 0 = -3*t + 4*t. Suppose t = -38*f + 33*f + 715. Is f prime?
False
Let l = 761 - -14732. Is l prime?
True
Suppose 205 - 69 = 8*q. Suppose 0 = 13*g - q*g + 4244. Is g composite?
False
Let l(v) = -117*v - 24. Let m(z) = -z + 1. Let b(w) = -l(w) - 5*m(w). Is b(6) prime?
True
Let i(f) be the third derivative of f**5/10 - f**4/3 + 3*f**3/2 - 3*f**2. Let g be 7/1 - (-1)/(-1). Is i(g) composite?
True
Let k be 40/(-12)*63/(-5). Let z = k - -265. Is z a prime number?
True
Let j(n) = n**2 - 9*n - 13. Is j(-9) a prime number?
True
Let i(s) = -20199*s - 76. Is i(-3) a prime number?
True
Let f(z) = 10*z - 2*z**3 + 12 + 0*z**3 + 3*z**3 + 24*z**2 - 11*z**2. Let d be f(-11). Let h = 302 - d. Is h prime?
False
Let q = 1029 + 13228. Is q a composite number?
True
Let h be (996 + 6)*3/6. Let a = 794 - h. Is a composite?
False
Suppose 0 = -2*z + 1297 - 273. Let n = -126 + z. Suppose 2*f - n = 2*p, -p = -2*f - 3*p + 378. Is f a composite number?
False
Suppose 5*r + 2 = -m, 4*m - 7 = -15. Suppose r = -0*n - n + 3. Is (-2 + 3)/(n/3453) a prime number?
True
Suppose 3*d - 4*d + 269 = -3*j, 5*d - 4*j - 1400 = 0. Suppose 0 = -4*z + 3296 + d. Is z a composite number?
True
Let b(v) = 12 + 11*v - 33*v + 46 + 115*v. Is b(17) prime?
False
Suppose -2*n - 10 = -7*n. Suppose n*c = -4*c + 534. Is c prime?
True
Suppose -3*q = -3*x - 8280, -2*x + 5524 = q + q. Is q composite?
True
Let g(u) = -1272*u + 105. Is g(-9) prime?
False
Suppose -4 = -3*h + 8. Let v be h/(-6) + 80/30. Suppose v*w + 85 = 3*f, -31 = -f - 5*w + 20. Is f a composite number?
False
Let y = 0 + 2. Suppose 594 = -j + y*j. Let l = j + -403. Is l prime?
True
Let r = 20 - 32. Let k = r + 14. Suppose -4*n + 1607 = 5*i, -7*i + 1611 = -2*i + k*n. Is i prime?
False
Suppose -1 - 7 = -b + c, 2*c + 4 = -2*b. Let t be (1*b)/((-30)/(-260)). Is 3/(-3*(-2)/t) composite?
False
Suppose -h + 765 = 2*t, -5*h = -5*t + 3*t - 3789. Is h/1*(-4)/(-12) a prime number?
False
Suppose m + 110379 = 3*g, 181*m = 4*g + 179*m - 147170. Is g a composite number?
True
Suppose 12 = -14*u + 54. Suppose -t - 22 + 74 = u*q, 5*t - 5*q - 360 = 0. Is t prime?
True
Let f = -4571 + 7348. Is f a prime number?
True
Suppose 17*f = -3*f + 49540. Is f composite?
False
Let z(y) = 174*y**2 - 11*y - 102. Is z(19) composite?
True
Suppose -7*r = -52378 - 26323. Is r a composite number?
False
Let r be 24/(-60) + 34/10. Is 445/10*2*3/r prime?
True
Let v be 41990/18 - 6/(-27). Suppose 2*f - 1410 - 929 = -a, 2*f + 3*a - v = 0. Is f composite?
False
Let s(j) = -11*j + 33. Let o(y) = 5*y - 16. Let n(w) = -9*o(w) - 4*s(w). Let r be n(10). Suppose r*p + 50 = 304. Is p prime?
True
Let x = 13140 - 7566. Suppose -9*q = -3*q - x. Is q composite?
False
Is 6 - -3 - -7323 - (3 - 2) a prime number?
True
Let p(z) = -206*z - 877. Is p(-43) composite?
True
Suppose 3*c - 45656 = -5*i, -5*i + c + 45668 = -0*c. Is i composite?
False
Suppose 0 = 5*h + 3*n - 611 - 16466, -3*h = 3*n - 10251. Is h composite?
False
Suppose 71795 - 545855 = -20*t. Is t a prime number?
False
Let x = 168 + -44. Suppose v - 3 = -5*t, -5*v = t - 13 - 2. Suppose r + p - 56 = t, p - 357 = -4*r - x. Is r prime?
True
Suppose -3*n = 5*h - 28, 0*h = -5*h - 5*n + 20. Suppose -h*p + 185 = -3*p. Is p a prime number?
True
Let s be (-1896)/16*4/6. Let o = -45 - s. Let d = 53 - o. Is d composite?
False
Suppose -13*g + 44013 - 12592 = 0. Is g a prime number?
True
Is 73/(-15) + 5 - 22166/(-30) composite?
False
Let w be 6/(-4) - 207/6. Let q = w + 103. Is q prime?
True
Suppose -4110 = -8*x + 73738. Is x a prime number?
False
Suppose 0*p = 3*p - 12. Let l(q) = 4*q + 5*q - p - 6*q + 8*q**2. Is l(3) composite?
True
Let k be 4/3*(6 - 0). Suppose k*l - 60 = 12*l. Is ((-1174)/(-6))/((-5)/l) composite?
False
Let o = -9 + 12. Suppose o*j - 35 = 4. Suppose -j = -u - 0*u. Is u prime?
True
Let s(i) = 178*i**2 + 5*i - 1. Is s(4) composite?
True
Let l(g) = 29*g**3 + g**2 - g. Suppose -5*k - 5*w - 3 - 2 = 0, 3 = -k - 2*w. Let r be l(k). Suppose r + 73 = 3*y. Is y a composite number?
True
Let q(f) = 2 + 4 - 10 + 51*f + 0. Is q(5) composite?
False
Let m(c) = c**2 - 9*c + 3. Let i be m(9). Suppose -k = -i*k. Suppose 245 = 5*f - k. Is f composite?
True
Let c be 30/(-36)*3*(-8)/10. Suppose -4*f = -4*g - 15 - 233, 4*g = c*f - 130. Is f prime?
True
Let f = -2136 - -2277. Is f composite?
True
Let n(y) = -223*y**3 - 3*y**2 - 7*y - 34. Is n(-3) composite?
False
Suppose 4*k - 2230 = 310. Is k composite?
True
Let f be 2*(-3 - (-5 + 3)). Let z be f*(-2 + 164/(-8)). Is 10/z - (-475)/9 a composite number?
False
Suppose 3*o + 3 = g, -4*o + 0*g + 3*g + 1 = 0. Let l = o - -6. Suppose -78 = -l*j + 374. Is j prime?
True
Suppose 5*m + 2 = -8, -2*m + 20465 = 3*a. Is a composite?
False
Let s(z) = -z**2 + 11*z - 16. Let g be s(9). Suppose -3*v = -g*b - 3217, 4*b - 5350 = -5*v + 5*b. Is v prime?
True
Suppose 3*t = -12, 5*q - 4*t - 32602 = 25409. Is q a composite number?
True
Suppose 2*g = 4 + 8. Let l(o) = 0 + 83*o + 5 - 1 - 3. Is l(g) composite?
False
Let j = -35 - -27. Let o(u) = -3*u**3 - 3*u**2 + 11*u + 3. Is o(j) a prime number?
True
Suppose 8*t = -11 + 99. Suppose 12*v - t*v - 166 = 0. Is v a composite number?
True
Let n be -4 - 6/(1 - 2). Suppose 3*o + 43 = -4*l, 0*l - 4*o = -n*l + 6. Is (-1643)/l + 12/42 a prime number?
False
Let s = 2688 + -1305. Is s a prime number?
False
Let w = 35 + -10. Suppose -5*m + 1094 + 1081 = 4*i, 0 = -5*m - w. Is (-1 + 0)*i/(-10) a prime number?
False
Suppose 3*l - j = -6*j + 6780, 0 = 5*j. Let f = l - 1257. Is f a prime number?
False
Suppose -5*d + 22 = -3*j, -3*d - 5*j - 12 - 2 = 0. Suppose 2*u + 3*a - 883 = 0, -d*a = 3*u + 2*u - 2235. Is u a prime number?
True
Let v = -281 + 1274. Is v prime?
False
Is (-1)/4 + 225967/28 + -11 a prime number?
True
Suppose -16*u = -19*u + 12. Suppose u*s = -l + 4757, 4*s - 2093 - 2662 = l. Is s a composite number?
True
Suppose 4*y - 8 = -2*x, -2*y + 3*x = 2*y - 18. Suppose y*w + w - 348 = 0. Is w prime?
False
Let v = -19173 + 51632. Is v composite?
True
Let i = 33 + -20. Let l = i - 3. Is l prime?
False
Suppose -6*o + 1107 = -5*o. Suppose -3*u + 0*i + 3357 = -3*i, -u - 2*i = -o. Is u composite?
True
Suppose 30*q + 11068 = 34*q. Is q a composite number?
False
Let f(o) = 2*o**3 + 3*o**2 - 3*o - 5. Let q = 5 - 1. Let h be f(q). Suppose 2*r = -r + h. Is r prime?
True
Let p = -71 + 77. Suppose 4*y = -p*y + 19730. Is y a composite number?
False
Is 110/88*1724/1 composite?
True
Suppose a - 1 = f - 2, 5*a - 3*f = 1. Let j(v) = 47*v**3 + 4*v**2 - 3*v**2 - 2*v**a + 1 + 0*v**2. Is j(1) prime?
True
Let u = -105 - -218. Let w = u + -24. Is w a composite number?
False
Let q = -3256 - -811. Let m be q/(-12) + 1/4. Suppose 2*n = -2*n + m. Is n composite?
True
Suppose 5*g = 3*i - 68728, -i + 4*g + 22916 = g. Is i 